(m) = 3*m**2 - 21*m - 8. Let u be 3 + 0 + -4 + 0 + 9 - 1. Give j(u).
-8
Let w(l) = -8966 - l**3 + 4*l**2 + 0*l**3 + 8959. Give w(3).
2
Let l(n) be the second derivative of -11/2*n**2 + 1/20*n**5 + 0 - 44*n - 2/3*n**4 + 1/3*n**3. Determine l(8).
5
Let y(u) = -24*u + 198. Let t be y(8). Let v(j) = j**3 + 6*j**2 - 2*j - 15. Let o(q) = q**3 + 6*q**2 - 3*q - 17. Let a(w) = t*v(w) - 5*o(w). Give a(-5).
5
Let n(g) be the second derivative of g**5/20 + 7*g**4/6 + 19*g**3/6 + 15*g**2/2 + 922*g. Give n(-12).
75
Suppose -2837*n - 132 = -2870*n. Let q = -15 - -61. Let x(y) = q - y**3 - 12*y + n*y - 8*y**2 - 40. Calculate x(-7).
13
Let v be (14/6)/(1/3). Let w(g) = -2187 + 8*g - 4*g + 2203 - 5*g. Determine w(v).
9
Let m(d) = 13*d - 856. Let h be m(66). Let i(u) be the first derivative of -1 + 1/4*u**4 + 0*u**h - u - 4/3*u**3. Determine i(4).
-1
Let m(c) be the second derivative of 3*c**3/2 + 21*c**2/2 + 3430*c. Calculate m(-3).
-6
Let i(z) = -2*z**3 + 29*z**2 - 33*z - 15. Let k(c) = -c**3 + 15*c**2 - 17*c - 8. Let s(o) = 4*i(o) - 7*k(o). Determine s(10).
-34
Let s(b) = 6*b**3 + 3*b**2 + 5*b + 5. Suppose 3*o + 4*z + 18 = 0, -3*o - 21 = 731*z - 726*z. Calculate s(o).
-41
Let u = -279/7 - -3355/84. Let i(r) be the second derivative of -u*r**4 + 0*r**3 + 6*r + 1/2*r**2 + 0. Give i(0).
1
Suppose -7 = -4*a + 1. Let f(b) = 15*b. Let t(r) = 10*r. Let w(v) = -5*f(v) + 7*t(v). What is w(a)?
-10
Let l(d) = 9*d**3 + 13*d**2 - 14*d - 3. Let f(q) = 7*q**3 + 13*q**2 - 14*q - 3. Let p = 97 - 101. Let a(j) = p*l(j) + 5*f(j). Determine a(12).
-27
Suppose 0 = 4*y - j - 6, -14 = -2*y + 121*j - 126*j. Let i(k) = 5*k - k**2 - 3*k + 8*k**3 - 4*k**3 - 2*k**2. Give i(y).
24
Suppose 5*f = 5*t - 0 + 5, -5*t - 4*f - 32 = 0. Let n(y) be the third derivative of 1/60*y**5 + 1/6*y**3 + 1/6*y**4 + 0 + 0*y - 18*y**2. What is n(t)?
1
Suppose -5*d + 90 + 20 = 0. Suppose d*f - 21*f - 6 = 0. Let c(p) = -14 - 6*p**2 + 0*p + p**3 - 4*p + 21. Determine c(f).
-17
Let j(t) = -55*t + 57. Let a be j(1). Let i(z) = -5*z + 2*z**2 + 814 - 3*z**a - 819 + 5*z. Suppose w - l = 5*w, -2*w - 2*l = 0. Give i(w).
-5
Let w(h) = 16*h + 4. Let m be w(4). Let u be m/12 - 4/(-12). Let i(c) = 0*c**3 - 2*c - 57 + 66 + c**3 - 6*c**2. Give i(u).
-3
Suppose 0*m + 4*m + 27 = 3*p, -34 = -4*p + 5*m. Let l(t) = -39*t**2 + 3*t - 1. Calculate l(p).
-37
Let t(u) = 2*u + 5. Suppose -16*b + 5*d = -18*b - 30, 0 = 5*d + 20. Let v(j) be the third derivative of j**4/2 + 28*j**3/3 + j**2. Let s be v(b). Give t(s).
-3
Suppose -2*x - 117 = -105. Let s(b) = 15*b + 94. Determine s(x).
4
Let j be -8*6/(4 - (-2 - 2)). Let h(l) be the second derivative of 7*l - 9/2*l**2 - 4/3*l**3 + 0 + 1/20*l**5 + 5/12*l**4. Give h(j).
3
Let t = -7 + 4. Suppose 40*u = 36*u + 3*q + 94, 4*q = -4*u + 80. Let f(v) = -4*v**2 - 11 - 2*v**3 + v**3 + 0*v**3 + u - 7. Give f(t).
-5
Let s(b) = -5*b**3 + b**2 + 8*b - 18. Let q(k) = -k**3 + k**2 + 2*k - 1. Let m(f) = -6*q(f) + s(f). Determine m(5).
-32
Let w(h) = 11*h - 7*h**2 - 10 + 39*h**3 - 8*h - 11*h**3 - 15*h**2. Let q(p) = 13*p**3 - 10*p**2 + p - 5. Let m(r) = 13*q(r) - 6*w(r). Give m(-5).
-55
Suppose -3*x = z - 1, 2*z - 3*x + 21 = 23. Let m be -12*(-33)/44 - (0 + z). Let k(t) = t**3 - 8*t**2 + 2*t - 2. Calculate k(m).
14
Let q(y) = y**2 + 7*y - 6. Let a(k) be the first derivative of -3 - 1/3*k**3 - 13/2*k**2 + 24*k. Let s be a(-15). What is q(s)?
-12
Let r(b) = -2*b + 90 + 4*b - 3 - 6*b**2 - 88 - 3*b**3 + 0*b**3. Determine r(-2).
-5
Suppose 8*d - 4*d + 14 = 2*g, 4*d = -8. Suppose -z + 5*b + 16 = 0, g*z = -0*b + 3*b + 12. Let y(r) = -7*r**2 + 1. Give y(z).
-6
Let k(y) = -19*y + 8*y + 17 + 12*y. Let d(w) = -12*w - 441. Let t be d(-36). Determine k(t).
8
Suppose 23*k = 25*k. Let q(b) = -17*b - 14. Give q(k).
-14
Let y(l) be the first derivative of -1/4*l**4 - 2*l**2 + 4*l + 5/3*l**3 + 18. Let g = -11 - -15. What is y(g)?
4
Let i(c) = -c - 2. Let m(b) = -23*b + 8. Let v(d) = 4*i(d) - m(d). Let o be v(2). Let u(a) = o*a - 10*a - 7*a + 4 - a**2. What is u(8)?
-20
Let g(c) = -c + 4. Suppose 4*v = -9*v + 65. Suppose -3*y + 10 = 7, -3*t = -v*y + 29. What is g(t)?
12
Let s(w) = -3*w + 24. Suppose -4*k = 4*a - 12, 0 = -3*a + 3*k - 248 + 269. Give s(a).
9
Suppose 8 = 2*q - 0. Suppose c - 3 = h, 3*h + 17 = c + q*c. Let l(k) be the second derivative of -13*k**4/12 + k**2/2 + 286*k. Calculate l(h).
-12
Suppose 5*w - 4*d = 2*w + 2, -10 = 3*w + 2*d. Let r(q) be the third derivative of -q**6/120 + q**5/20 + q**4/8 - 12478*q**2. Give r(w).
14
Let t(p) be the first derivative of -1/6*p**3 + 0*p + 0*p**4 - 7/120*p**6 + 12 + 1/60*p**5 - 5*p**2. Let b(x) be the second derivative of t(x). What is b(1)?
-7
Let k(i) = 7*i**3 - 17*i**2 - 39*i - 5. Let h(s) = 9*s**3 - 18*s**2 - 39*s - 5. Let g(u) = -4*h(u) + 5*k(u). Determine g(-9).
22
Let s = 22 + -10. Suppose -184 + 52 = -s*f. Suppose 0 = -2*v + 5*v + b + f, v - 2*b = 1. Let l(i) = -i**3 - 3*i**2 - 3*i - 4. What is l(v)?
5
Let l = -257 - -263. Suppose 2*u - l = 0, -34*o = -33*o + 2*u - 8. Let c(y) = -y**2 - y + 2. Determine c(o).
-4
Let h be (27/(-18))/(135/(-40) - -3). Let a(t) = 7*t - 12. Let x(s) = -22*s + 37. Let o(c) = 7*a(c) + 2*x(c). What is o(h)?
10
Let q(u) = u + 20. Let x be q(-18). Suppose -x - 7 = g. Let l(a) = a**2 - 9*a + 11. Let p(i) = 2*i**2 - 9*i + 12. Let r(s) = 3*l(s) - 2*p(s). Determine r(g).
9
Suppose 3*i - 24 = 0, 176*i = -3*y + 180*i - 26. Let s(g) = 10*g**2 - 5*g + 8. Calculate s(y).
38
Suppose 2*b - 21*b = -76. Let f(z) = z**2 - 12*z + 48. Let p be f(b). Let y(i) = -i + 9. Calculate y(p).
-7
Let r(n) be the first derivative of -8*n**3/3 - 13*n**2/2 - 19*n - 12322. Calculate r(-4).
-95
Let t(o) be the first derivative of -7*o**5/20 - o**3/6 + o**2/2 + 87*o - 18. Let x(s) be the first derivative of t(s). Give x(1).
-7
Let k(z) = -z**3 - 6*z**2 - 2*z + 6. Let s(f) = -f**3 + 38*f**2 - 77*f + 5. Let p be s(36). Let j be 4 - ((-1500)/p - (-6)/14). Give k(j).
-9
Let q(p) be the third derivative of -p**6/120 - 11*p**5/60 - 11*p**4/24 - 2*p**3 + 40*p**2. Let i(m) = -m**2 - 7*m - 2. Let t be i(-8). What is q(t)?
-2
Let x(w) = 2*w + 12. Let a be x(-5). Suppose a*s + 6 = d, 0 = 3*s + 68*d - 67*d + 14. Let v(t) = t**2 + 7*t + 6. Calculate v(s).
-6
Let r(j) = 2*j**2 + 9*j. Let n be (5 + -1)/(2/(-3)). What is r(n)?
18
Let o(n) = -39*n**2 - 9*n + 4. Let g(b) = 34*b**2 + 8*b - 4. Let f(u) = -8*g(u) - 7*o(u). Suppose -2*v = -q - 13, 2*v - 4*v = -5*q - 25. What is f(q)?
16
Suppose f = 1 + 1. Let s(g) be the third derivative of -g**6/120 + g**5/15 - g**4/8 + g**3/2 - 4472*g**2. Give s(f).
5
Let g = -239 - -238. Let w be (7 - 7)/(g + 2 + 0). Let s(q) = -2*q - 3. What is s(w)?
-3
Let t(k) = k**2 + 5*k + 12. Let o be ((-63)/6 + 8)*(4 - 2). What is t(o)?
12
Let k(u) be the first derivative of -u**3/3 + 3*u**2 - 5*u - 20299. Let j = 0 - -4. Suppose -5*v + 18 = 5*h - j*h, 20 = 3*v - 4*h. Calculate k(v).
3
Suppose -140 - 32 = 16*h + 20. Let v(d) = -3*d**3 + 19*d**2 - 7*d - 19. Let l(z) = -4*z**3 + 29*z**2 - 10*z - 29. Let o(i) = 5*l(i) - 7*v(i). Determine o(h).
0
Let h be -4*4*4/((-80)/15). Let d(l) = 2*l**2 + 10*l - 12. Let v(r) = 5*r**2 + 31*r - 34. Let c(u) = -8*d(u) + 3*v(u). Give c(h).
6
Let d(r) = -11 - r**2 + r + 1 + 11. Let w = 1333 - 1330. What is d(w)?
-5
Let j(g) = -96*g - 24308 + 5998 + 6058 + 5989 + 6076. Calculate j(-2).
5
Suppose 3*r + 6 = r. Let p(j) = 12*j + 4. Let k(x) = -2*x - 1. Let a(u) = 15*k(u) + 3*p(u). Give a(r).
-21
Let m(c) = 11135*c + 18 + 33 - 11 - 11140*c. What is m(11)?
-15
Let g be (-2)/(2 + (-51)/24). Suppose 3*d - 76 = -g*d. Let a(b) = b**3 - 3*b**2 - 2*b + 1. Calculate a(d).
9
Let y be (-24)/(-56) + 0 - (-24)/(-7). Let w = -8 + 0. Let k be (-102)/24 + (-2)/(w/y). Let z(q) = q**3 + 6*q**2 + 4*q - 1. Determine z(k).
4
Let a(o) be the first derivative of o**7/840 + 7*o**6/360 - 7*o**5/120 - o**4/6 + 31*o**3/3 - 2*o + 147. Let l(c) be the third derivative of a(c). Give l(-8).
-12
Let c be (13 + 7 + -2)/(6/3). Let a(v) = -v - 10. What is a(c)?
-19
Let m = -66 + 95. Let d = 23 - m. Let s(t) be the third derivative of -t**5/60 - t**4/4 - 5*t**3/6 - 13*t**2. Calculate s(d).
-5
Let b(y) = y**2 - 38*y + 48. Let l be b(37). Let m(a) = a**3 - 10*a**2 - 10*a - 3. What is m(l)?
8
Let h(c) = -2*c**3 + 35*c**2 + 17*c + 30. Let x be (-1 + 35/21)*(22 + 10/2). Calculate